 5
Let x(r) = 2*r**2 - 14*r + 57. What are the prime factors of x(13)?
3, 71
Suppose z - 12 = -3*z. Suppose 0 = -5*k + 147 + z. List the prime factors of k.
2, 3, 5
Suppose f + 10 = 4*g - 10, 3*g - 15 = -f. Suppose 2*j - 3*j + 11 = f. List the prime factors of j.
11
Let b(f) = 2*f + f - 2*f - 6. Let t be b(7). Let d = t - -5. List the prime factors of d.
2, 3
Let o = -6 - -9. Suppose -o*n = -2*n - 6. Let b = 13 - n. List the prime factors of b.
7
Let n(p) = -p**2 + 7*p - 7. Suppose 0 = 6*i - i - 25. What are the prime factors of n(i)?
3
List the prime factors of ((-1)/1 - -48)*1.
47
Let n(m) = 2*m**3 - 7*m**2 - 3*m + 11. What are the prime factors of n(5)?
71
Let v be 108/(-45) - 2/(-5). List the prime factors of 0 - -16 - (3 + v).
3, 5
Let x = -19 - -11. Let i = x + 12. List the prime factors of i.
2
Let k(z) = 5*z. Let s be k(4). Let i = 28 - s. What are the prime factors of i?
2
Suppose 0*k = -k - 305. Let m = k + 439. List the prime factors of m/6 - (-2)/3.
23
Suppose -331 + 63 = -g. What are the prime factors of g?
2, 67
Let x(k) = -k**2 + k + 7. Let d be x(0). Let s be d/(2 + (-7)/3). What are the prime factors of (-72)/(-7) + 6/s?
2, 5
Let r(u) = u**2 - 2*u + 5. Let h be (11 + -1)*(-3)/(-6). List the prime factors of r(h).
2, 5
Let h be 4*2/(3 - -1). Let v = -2 + h. Suppose v = -3*u - 2*r + 3*r + 27, -r = -2*u + 18. List the prime factors of u.
3
Suppose 14*w = 19*w - 265. What are the prime factors of w?
53
List the prime factors of 14/(-7) + (-2 - -1) + 199.
2, 7
Suppose 19 = q - 18. List the prime factors of q.
37
Suppose -d = -3*d + 216. What are the prime factors of d?
2, 3
Suppose u = 5*u - 20. Suppose -u*d + 142 = -3*i - 77, d + i - 39 = 0. List the prime factors of d.
2, 3, 7
Suppose -2*n + 5 = -5. What are the prime factors of n?
5
Suppose 3*b - 2*p = p + 18, p = -5*b + 24. Let z(j) = -j**3 + 6*j**2 - 6*j + 7. List the prime factors of z(b).
2
Let x = 48 + -33. List the prime factors of x.
3, 5
Let k = 80 - 15. List the prime factors of k.
5, 13
Let r(u) = 10*u**2 - 2*u - 2. Let f be r(-2). Suppose -3*k + f = -48. List the prime factors of k.
2, 3, 5
Suppose 3*j + 5*r = 3*r - 14, 4*j = -4*r - 24. Let a be (2 - 3 - 3) + j. Let u = a - -14. What are the prime factors of u?
2
Let c be 40/7 + (-10)/(-35). Suppose 3*s = 2*s + c. What are the prime factors of s?
2, 3
Let o = 20 - -80. Suppose -5*v = -5*t + o, 2*t - 25 = -0*t - v. What are the prime factors of t?
3, 5
Suppose 0 = 5*h - 2 + 7. List the prime factors of 25 - (-3)/h - -1.
23
Let t(m) = m**2 - 12*m - 11. Let v be t(13). Suppose -2*o = x - 7, o - 2*x = -v*o. What are the prime factors of o?
2
Suppose 5*t = t + 32. Let r = 8 + t. List the prime factors of r.
2
Let s = -125 - -226. List the prime factors of s.
101
Suppose -4*g = -83 - 289. List the prime factors of g.
3, 31
Let s = -2 + 18. Suppose 2 = 2*l + s. Let p = 18 + l. What are the prime factors of p?
11
Suppose 2*d - 5*j = 428, -2*j + 416 = 2*d - j. What are the prime factors of d?
11, 19
Let j be 19*3 - (-2 + 4). Suppose 0 = -4*x + h + 50, -5*h - 15 = -5*x + j. What are the prime factors of x?
2, 3
Let v be (-2)/1*(-6 + 20/8). Suppose l - 9 = -3*x - 2*l, -3*x + 27 = -3*l. Let p = v + x. List the prime factors of p.
13
Let g = -121 + 227. What are the prime factors of g?
2, 53
Let t(m) = 21*m**3 + m**2 + m. Let k(n) = -n**3 - n. Let g(r) = -k(r) - t(r). What are the prime factors of g(-1)?
19
Suppose 14*s = 10*s + 208. List the prime factors of s.
2, 13
Suppose -t - 21 = -25. List the prime factors of t.
2
Suppose -3*c + 65 = w - 6*w, 2*w + 50 = 2*c. List the prime factors of c.
2, 3, 5
Suppose -2*y + 123 - 1 = 0. List the prime factors of y.
61
Suppose -w + 41 = 2*v - 3*v, 0 = -2*w - v + 73. Let x = w - 6. What are the prime factors of x?
2
Let j = -7 - -79. List the prime factors of j.
2, 3
Suppose s = -2 + 4. Suppose -2*q - o = -33, -s*q = -3*q - 4*o + 13. List the prime factors of q.
17
List the prime factors of (382/(-3))/(3/(36/(-8))).
191
Suppose 0*h - 2*h + f + 399 = 0, -5*h + 994 = f. List the prime factors of h.
199
Suppose 0 = 5*c - 5*q - 322 + 77, 0 = -c - q + 51. List the prime factors of c.
2, 5
Suppose 0*l = -g + 3*l - 7, 0 = g - 2*l + 5. What are the prime factors of (6/(-6))/(g/4)?
2
Suppose 2*p - d = 113, -p + 39 - 5 = 4*d. What are the prime factors of p?
2, 3
Suppose -2*r - 4*p + 20 = -p, -2*r + 2*p + 30 = 0. What are the prime factors of 12/12 + 1 + r?
3, 5
Let c(s) = -s**2 + 8*s + 14. List the prime factors of c(7).
3, 7
Let m be (-11)/(-4) + (-1)/(-4). Suppose 4*l + m = 5*l. Suppose -2*g + 2*r + 28 = -0*g, l*g - 47 = 4*r. List the prime factors of g.
3
Let u(b) = b**3 + 4*b**2 - 5*b + 5. Let j be u(-5). Suppose q - 25 = 3*t, -j*q + 58 = -4*t - 12. List the prime factors of q.
2, 5
Let x(q) = -q**3 + 11*q**2 + 10*q - 12. What are the prime factors of x(10)?
2, 47
Suppose 7*h + 2 = 8*h. Suppose -5*q - 6*x + 114 = -h*x, -q + 4*x + 18 = 0. List the prime factors of q.
2, 11
Let z(a) = -a**3 - 4*a**2 - 3*a - 3. Suppose 3*y + 5*k - 22 = 0, 4*k + 1 - 5 = y. Let g = y - 8. What are the prime factors of z(g)?
3
Suppose -10*s + 9 = -7*s. List the prime factors of s.
3
Suppose 3*u - a - 18 = 0, -2*a - 3*a = -4*u + 35. Suppose u*h = 4*i - 55, -i + 5*i - h = 59. What are the prime factors of i?
3, 5
Let r(l) = 3*l**3 + 2*l**2 - 2*l + 1. Let j be r(1). Suppose -6 = -5*m + j. Suppose -5*h + m*k - 5 = -56, -h + 17 = 3*k. What are the prime factors of h?
11
Suppose 0 = -3*a + 12 + 6. Suppose a*z = z + 200. What are the prime factors of z?
2, 5
Let u = -2 + 1. Let m(r) = -r - 4. Let k be m(-6). What are the prime factors of 3*(0 + k + u)?
3
Suppose -6*k + 12 = -2*k. Suppose -i + k*i = 0. Let s = 13 - i. List the prime factors of s.
13
List the prime factors of 6/(-9) + (-176)/(-3).
2, 29
Suppose 5*b - 4*b - 60 = 0. List the prime factors of b.
2, 3, 5
Suppose 3*p - 4*t - 4 = 0, -2*t + 4*t - 24 = -5*p. What are the prime factors of p?
2
Let x = 2 + 1. Let b be 1/x - 146/6. What are the prime factors of (1 - 0) + b/(-4)?
7
Let d(s) = 2*s - 3. Let y be d(4). Suppose 9*m + 4*r = 4*m - 24, m + r = -y. Let f = m + 13. List the prime factors of f.
3
Let s = 97 - 50. List the prime factors of s.
47
What are the prime factors of (-33)/(-12)*(-36)/(-3)?
3, 11
Let n be (-4)/10 - (-73)/(-5). Let g = 21 + n. What are the prime factors of 74/14 + g/(-21)?
5
Let c(k) = 3*k. Let t be c(1). Suppose m + 10 = t*m. What are the prime factors of m?
5
Suppose o = 4*v - 4 - 0, o + 39 = -3*v. Let x = 21 - o. Suppose 5*m + 24 = 4*d - 12, m - x = -5*d. List the prime factors of d.
3
Suppose 0 = -4*u + 289 + 15. What are the prime factors of u?
2, 19
Let o be 23 + -2 - (-4 - -5). Suppose o = 3*t - 16. List the prime factors of t.
2, 3
List the prime factors of 4/6*-3*(-1524)/12.
2, 127
Suppose -5*y + 2*p + 2 = -0*y, 3*p = 5*y - 3. Suppose -2*a + 2 = -l - l, -5*l + 2*a - 8 = y. Let d = l - -5. List the prime factors of d.
3
Let r be ((-3)/9 - -1)*6. What are the prime factors of 12 - -2 - 8/r?
2, 3
What are the prime factors of (-6)/21 - ((-1010)/7 + -3)?
3, 7
Let m be 2/(7/(-2) - -3). Let n = 10 + m. List the prime factors of n.
2, 3
Let s(x) = x + 6. Let u be s(9). Suppose 0*y - u = -y. What are the prime factors of y?
3, 5
Let x(c) = -c**2 - 4*c + 7. Let n be (3 + -2 + -2)*5. What are the prime factors of x(n)?
2
Let l(v) = 8*v - 21. What are the prime factors of l(5)?
19
Let x = 15 - 7. Suppose 5*u = w + x, 2*w - 4 = -0*w. List the prime factors of 2/(u - (-24)/(-14)).
7
Let s = -183 + 196. List the prime factors of s.
13
Let p(l) = -l - 1. Let f(c) = 4*c + 7. Let x(w) = f(w) + 5*p(w). What are the prime factors of x(-5)?
7
Let y = 24 - 16. Let p(h) = 7 - 4 + 1 - 2 + y*h. List the prime factors of p(2).
2, 3
Suppose 6*f = 2*f + 32. List the prime factors of (-4)/2*(-28)/f.
7
Let g(l) = l**2 - 2*l - 7. Let j be g(5). Let v = -5 + j. List the prime factors of v.
3
Let c be ((-8)/(-4))/(-1 - 0). Let b be -4 - -2 - -2 - c. Suppose b*n - 5*n - 3*z - 3 = 0, -4*z - 8 = 3*n. What are the prime factors of n?
2
Suppose d - 3*d = -64. List the prime factors of d.
2
List the prime factors of (-20)/(-30)*(-129)/(-2).
43
Let j(r) = r**2 - 13*r - 17. List the prime factors of j(15).
13
Let r = -16 + 33. List the prime factors of r.
17
Let m be 